{"id":32,"date":"2018-01-17T21:45:38","date_gmt":"2018-01-17T21:45:38","guid":{"rendered":"http:\/\/www.affccs.org\/?page_id=32"},"modified":"2026-03-24T10:29:08","modified_gmt":"2026-03-24T10:29:08","slug":"sit-18","status":"publish","type":"page","link":"https:\/\/www.affccs.org\/","title":{"rendered":"Bienvenue"},"content":{"rendered":"\n<p><br><em><span style=\"color: #339ac6;\"><strong>Nos manifestations&nbsp;:<\/strong><\/span><\/em><\/p>\n\n\n\n<p><\/p>\n\n\n\n<p class=\"has-text-align-center\"><strong>Les prochaines journ\u00e9es de Cryog\u00e9nie et de Supraconductivit\u00e9 <\/strong><br><strong>auront lieu \u00e0 Aussois du 25 au 28 mai 2027.<\/strong><\/p>\n\n\n\n<p class=\"has-text-align-center\"><strong>Les <a href=\"http:\/\/www.affccs.org\/jt2025\">journ\u00e9es th\u00e9matiques \u00ab\u00a0Cryog\u00e9nie industrielle de forte puissance\u00a0\u00bb <\/a><\/strong><br><strong>se sont tenues \u00e0 Grenoble les 9 et 10 octobre 2025.<\/strong><\/p>\n\n\n\n<p class=\"has-text-align-center\"><\/p>\n\n\n\n<hr class=\"wp-block-separator has-alpha-channel-opacity\"\/>\n\n\n\n<p><span style=\"color: #339ac6;\"><strong>La commission sp\u00e9cialis\u00e9e \u00ab\u00a0Cryog\u00e9nie et Supraconductivit\u00e9\u00a0\u00bb de l\u2019Association Fran\u00e7aise du Froid<\/strong> <\/span>(AFF) regroupe les activit\u00e9s de l\u2019AFF et celles du \u00ab\u00a0Club CRIN\u00a0\u00bb qui l\u2019avait parrain\u00e9e au d\u00e9but. C\u2019est une structure souple, bien \u00e9quilibr\u00e9e entre les r\u00e9gions et Paris, ouverte \u00e0 l\u2019ensemble des organismes fran\u00e7ais publics et priv\u00e9s travaillant dans le domaine des tr\u00e8s basses temp\u00e9ratures. Lieu d\u2019\u00e9change entre chercheurs et industriels, la commission vise, sans contraintes institutionnelles, \u00e0 favoriser une meilleure connaissance r\u00e9ciproque et d\u2019\u00e9ventuelles collaborations libres, et \u00e0 renforcer les liens ainsi que structurer les relations.<\/p>\n\n\n\n<p>Il n\u2019y a pas de modalit\u00e9 pour participer aux activit\u00e9s de l\u2019AFFCCS. Toute personne int\u00e9ress\u00e9e peut s\u2019inscrire \u00e0 la manifestation de son choix. N\u00e9anmoins, du fait de l\u2019appartenance \u00e0 l\u2019AFF, l\u2019assistance aux manifestations est g\u00e9n\u00e9ralement r\u00e9serv\u00e9e aux personnes travaillant dans une organisation fran\u00e7aise ou au CERN.<\/p>\n\n\n\n<p>Cette commission regroupe plus de 200 personnes repr\u00e9sentant pr\u00e8s de 70 institutions membres, industriels, laboratoires de recherche, universit\u00e9s, \u00e9coles, agences nationales, minist\u00e8res, utilisateurs, etc.<\/p>\n\n\n\n<p>Outre la r\u00e9daction de recommandations aux sp\u00e9cialistes du domaine (professionnels et organismes), la participation \u00e0 la vulgarisation scientifique et \u00e0 la diffusion des connaissances, la commission Cryog\u00e9nie et Supraconductivit\u00e9 organise&nbsp;:<\/p>\n\n\n\n<p>&#8211; les Journ\u00e9es de Cryog\u00e9nie et de Supraconductivit\u00e9,<br>&#8211; des journ\u00e9es th\u00e9matiques,<br>&#8211; des \u00e9coles.<\/p>\n\n\n\n<p>Un certain nombre d\u2019ouvrages et de CD sont disponibles aupr\u00e8s du secr\u00e9tariat.<\/p>\n\n\n\n<p>Les <span style=\"color: #339ac6;\"><strong>Journ\u00e9es de Cryog\u00e9nie et de Supraconductivit\u00e9<\/strong><\/span> sont organis\u00e9es tous les trois ans pour faire le point sur l\u2019\u00e9volution des techniques et des projets en cours. Apr\u00e8s l\u2019\u00e9dition de 2021, la quatorzi\u00e8me \u00e9dition aura lieu du 15 au 18 octobre 2024 au Centre Paul-Langevin d\u2019Aussois en Savoie. Elles regroupent des sessions orales de synth\u00e8se, des sessions de posters et de pr\u00e9sentations de mat\u00e9riel industriel. Les temps libres entre ces sessions permettent des rencontres fructueuses entre les participants, de l\u2019ordre de 130.<br>Les<span style=\"color: #339ac6;\"> <strong>journ\u00e9es th\u00e9matiques<\/strong><\/span> r\u00e9guli\u00e8res abordent un th\u00e8me plus sp\u00e9cifique sur une journ\u00e9e et demi. Elles sont organis\u00e9es sur le lieu le plus en rapport avec le th\u00e8me trait\u00e9. Les derni\u00e8res journ\u00e9es se sont d\u00e9roul\u00e9es en r\u00e9gion parisienne en septembre 2023 et portaient sur les dispositifs supraconducteurs de puissance.<br>Les <span style=\"color: #339ac6;\"><strong>\u00e9coles<\/strong><\/span> contribuent quant \u00e0 elles \u00e0 la formation des jeunes et de personnes qui souhaitent faire le point de leurs connaissances dans le domaine en particulier de la cryog\u00e9nie, en compl\u00e9ment des offres de formation plus g\u00e9n\u00e9rales. La derni\u00e8re \u00e9cole th\u00e9matique \u00ab Instrumentation cryog\u00e9nique \u00bb s&rsquo;est tenue \u00e0 Pont-\u00e0-Mousson en octobre 2023.<\/p>\n\n\n\n<p>La commission AFF \u00ab\u00a0Cryog\u00e9nie et Supraconductivit\u00e9\u00a0\u00bb est anim\u00e9e par Arnaud Allais (Nexans), pr\u00e9sident, S\u00e9bastien Triqueneaux (CNRS Institut N\u00e9el), secr\u00e9taire, et Philippe Camus (CNRS Institut N\u00e9el), tr\u00e9sorier. \u00c9lodie Ferrara (CNRS \/ UGA &#8211; Institut N\u00e9el) assure le secr\u00e9tariat. Isabelle GHEZ (CNRS \/ Institut NEEL) est tr\u00e9sori\u00e8re adjointe. Les activit\u00e9s de l\u2019AFFCCS sont g\u00e9r\u00e9es par <a href=\"http:\/\/www.affccs.org\/index.php\/programme\/\">le bureau<\/a><\/p>\n\n\n<div class=\"wp-block-image\">\n<figure class=\"alignleft\"><img decoding=\"async\" src=\"http:\/\/www.affccs.org\/wp-content\/uploads\/2020\/02\/affccs-300x109.jpg\" alt=\"\" class=\"wp-image-319\"\/><\/figure>\n<\/div>\n\n\n<p><a href=\"http:\/\/www.affccs.org\"> <\/a><\/p>\n","protected":false},"excerpt":{"rendered":"<p>Nos manifestations&nbsp;: Les prochaines journ\u00e9es de Cryog\u00e9nie et de Supraconductivit\u00e9 auront lieu \u00e0 Aussois du 25 au 28 mai 2027. Les journ\u00e9es th\u00e9matiques \u00ab\u00a0Cryog\u00e9nie industrielle de forte puissance\u00a0\u00bb se sont tenues \u00e0 Grenoble les 9 et 10 octobre 2025. La &hellip; <a href=\"https:\/\/www.affccs.org\/\">Continuer la lecture <span class=\"meta-nav\">&rarr;<\/span><\/a><\/p>\n","protected":false},"author":1,"featured_media":0,"parent":0,"menu_order":0,"comment_status":"closed","ping_status":"closed","template":"","meta":{"footnotes":""},"class_list":["post-32","page","type-page","status-publish","hentry"],"_links":{"self":[{"href":"https:\/\/www.affccs.org\/index.php\/wp-json\/wp\/v2\/pages\/32","targetHints":{"allow":["GET"]}}],"collection":[{"href":"https:\/\/www.affccs.org\/index.php\/wp-json\/wp\/v2\/pages"}],"about":[{"href":"https:\/\/www.affccs.org\/index.php\/wp-json\/wp\/v2\/types\/page"}],"author":[{"embeddable":true,"href":"https:\/\/www.affccs.org\/index.php\/wp-json\/wp\/v2\/users\/1"}],"replies":[{"embeddable":true,"href":"https:\/\/www.affccs.org\/index.php\/wp-json\/wp\/v2\/comments?post=32"}],"version-history":[{"count":91,"href":"https:\/\/www.affccs.org\/index.php\/wp-json\/wp\/v2\/pages\/32\/revisions"}],"predecessor-version":[{"id":752,"href":"https:\/\/www.affccs.org\/index.php\/wp-json\/wp\/v2\/pages\/32\/revisions\/752"}],"wp:attachment":[{"href":"https:\/\/www.affccs.org\/index.php\/wp-json\/wp\/v2\/media?parent=32"}],"curies":[{"name":"wp","href":"https:\/\/api.w.org\/{rel}","templated":true}]}}