{"id":618,"date":"2021-09-17T05:34:54","date_gmt":"2021-09-17T05:34:54","guid":{"rendered":"http:\/\/www.affccs.org\/aussois2024\/?page_id=618"},"modified":"2024-08-30T11:50:21","modified_gmt":"2024-08-30T11:50:21","slug":"presentation","status":"publish","type":"page","link":"https:\/\/www.affccs.org\/aussois2024\/index.php\/presentation\/","title":{"rendered":"Pr\u00e9sentation"},"content":{"rendered":"\n<p>Les journ\u00e9es d\u2019Aussois regroupent toute la communaut\u00e9 Fran\u00e7aise dans les domaines de la cryog\u00e9nie et la supraconductivit\u00e9 avec un public tr\u00e8s large, chercheurs, industriels, doctorants, techniciens\u2026<\/p>\n\n\n\n<p>Pour certains participants, ce sera la premi\u00e8re fois qu\u2019ils d\u00e9couvriront le sujet. Il est donc important de bien pr\u00e9senter le contexte, la probl\u00e9matique et le sujet. La pr\u00e9sentation peut n\u00e9anmoins contenir des aspects scientifiques et techniques pouss\u00e9s, mais apr\u00e8s une introduction g\u00e9n\u00e9rale.<\/p>\n\n\n\n<p>Les slides ou le poster peuvent \u00eatre en anglais, mais il est important de faire la pr\u00e9sentation en fran\u00e7ais dans la mesure du possible.<\/p>\n\n\n\n<p>Merci de bien respecter votre temps de parole. Pr\u00e9voyez quelques minutes de questions dans le temps imparti sauf pour les spots (pas de question).<\/p>\n\n\n\n<p>Merci de bien vouloir d\u00e9poser vos pr\u00e9sentations au secr\u00e9tariat \u00e0 Aussois le plus t\u00f4t possible et v\u00e9rifier le bon fonctionnement. Vous pourrez donner une autre version pour la diffusion qui sera faite \u00e0 l\u2019ensemble des participants \u00e0 l\u2019issue des journ\u00e9es.<\/p>\n\n\n\n<p>Poster&nbsp;: format A0, environ 0,85 m de largueur et 1,20 m de longueur.<\/p>\n\n\n\n<p>Spot&nbsp;: un seul message \u00e0 transmettre.<\/p>\n\n\n\n<figure class=\"wp-block-image size-full is-resized\"><img loading=\"lazy\" decoding=\"async\" width=\"768\" height=\"99\" src=\"http:\/\/www.affccs.org\/aussois2024\/wp-content\/uploads\/2024\/02\/Guide_Spot_aussois-768x99-1.png\" alt=\"\" class=\"wp-image-679\" style=\"width:768px;height:98px\" srcset=\"https:\/\/www.affccs.org\/aussois2024\/wp-content\/uploads\/2024\/02\/Guide_Spot_aussois-768x99-1.png 768w, https:\/\/www.affccs.org\/aussois2024\/wp-content\/uploads\/2024\/02\/Guide_Spot_aussois-768x99-1-300x39.png 300w\" sizes=\"auto, (max-width: 768px) 100vw, 768px\" \/><\/figure>\n\n\n\n<p class=\"has-text-align-center\">5 questions \u00e0 se poser pour pr\u00e9senter 6 slides en 5 minutes.<\/p>\n\n\n\n<p>Merci de nous envoyer le titre et un court r\u00e9sum\u00e9 (200 \u00e0 400 mots) de votre poster \u00a0en remplissant avant le 5 septembre <a href=\"https:\/\/survey.neel.cnrs.fr\/index.php?r=survey\/index&amp;sid=248314&amp;lang=fr\" target=\"_blank\" rel=\"noreferrer noopener\">le formulaire en ligne disponible ici<\/a>.\u00a0<\/p>\n\n\n\n<p><\/p>\n","protected":false},"excerpt":{"rendered":"<p>Les journ\u00e9es d\u2019Aussois regroupent toute la communaut\u00e9 Fran\u00e7aise dans les domaines de la cryog\u00e9nie et la supraconductivit\u00e9 avec un public tr\u00e8s large, chercheurs, industriels, doctorants, techniciens\u2026 Pour certains participants, ce sera la premi\u00e8re fois qu\u2019ils d\u00e9couvriront le sujet. Il est &hellip; <a href=\"https:\/\/www.affccs.org\/aussois2024\/index.php\/presentation\/\">Continuer la lecture <span class=\"meta-nav\">&rarr;<\/span><\/a><\/p>\n","protected":false},"author":2,"featured_media":0,"parent":0,"menu_order":0,"comment_status":"closed","ping_status":"closed","template":"","meta":{"footnotes":""},"class_list":["post-618","page","type-page","status-publish","hentry"],"_links":{"self":[{"href":"https:\/\/www.affccs.org\/aussois2024\/index.php\/wp-json\/wp\/v2\/pages\/618","targetHints":{"allow":["GET"]}}],"collection":[{"href":"https:\/\/www.affccs.org\/aussois2024\/index.php\/wp-json\/wp\/v2\/pages"}],"about":[{"href":"https:\/\/www.affccs.org\/aussois2024\/index.php\/wp-json\/wp\/v2\/types\/page"}],"author":[{"embeddable":true,"href":"https:\/\/www.affccs.org\/aussois2024\/index.php\/wp-json\/wp\/v2\/users\/2"}],"replies":[{"embeddable":true,"href":"https:\/\/www.affccs.org\/aussois2024\/index.php\/wp-json\/wp\/v2\/comments?post=618"}],"version-history":[{"count":9,"href":"https:\/\/www.affccs.org\/aussois2024\/index.php\/wp-json\/wp\/v2\/pages\/618\/revisions"}],"predecessor-version":[{"id":781,"href":"https:\/\/www.affccs.org\/aussois2024\/index.php\/wp-json\/wp\/v2\/pages\/618\/revisions\/781"}],"wp:attachment":[{"href":"https:\/\/www.affccs.org\/aussois2024\/index.php\/wp-json\/wp\/v2\/media?parent=618"}],"curies":[{"name":"wp","href":"https:\/\/api.w.org\/{rel}","templated":true}]}}