{"id":60,"date":"2018-01-17T22:22:59","date_gmt":"2018-01-17T22:22:59","guid":{"rendered":"http:\/\/www.affccs.org\/aussois2024\/?page_id=60"},"modified":"2024-07-18T14:53:18","modified_gmt":"2024-07-18T14:53:18","slug":"venue","status":"publish","type":"page","link":"https:\/\/www.affccs.org\/aussois2024\/index.php\/venue\/","title":{"rendered":"Acc\u00e8s"},"content":{"rendered":"<p>Le village d\u2019Aussois est facilement accessible, quel que soit votre moyen de transport.<\/p>\n<p>Une navette \u00e9tait initialement pr\u00e9vue entre Modane et le centre CAES d&rsquo;Aussois, mais la ligne de train jusqu&rsquo;\u00e0 Modane ne devrait pas encore \u00eatre r\u00e9tablie en octobre, c&rsquo;est pourquoi <strong>une navette vous sera programm\u00e9e le mardi 15 octobre 2021 vers 19 h, entre la gare de Saint-Jean-de-Maurienne et Aussois (horaires \u00e0 confirmer).<\/strong><\/p>\n<p><strong><span style=\"color: #3366ff;\"><span style=\"color: #ff6600;\">En voiture<\/span><br \/><\/span><\/strong>Sur l\u2019autoroute alpine A43, prendre la sortie n\u00b0\u00a030 en direction de \u00ab\u00a0Modane &#8211; Haute Maurienne-Vanoise\u00a0\u00bb, puis prendre la D1006 (RN6) jusqu\u2019\u00e0 Modane. Continuer sur la D215, Aussois se situe \u00e0 7 km.<br \/>\u00c0 l\u2019entr\u00e9e du village, \u00e0 la pancarte \u00ab\u00a0Aussois\u00a0\u00bb, continuer tout droit jusqu\u2019au carrefour. Passer devant le bureau de tabac sur votre droite et 50 m\u00e8tres apr\u00e8s tourner \u00e0 gauche et monter jusqu\u2019au \u00ab\u00a0Parking Clients\u00a0\u00bb (et non pas le parking \u00ab\u00a0Personnel\u00a0\u00bb).<\/p>\n<p><strong><span style=\"color: #ff6600;\">En train<br \/><\/span><\/strong>La gare de Modane se trouve \u00e0 8 km du Centre Paul-Langevin.<br \/>Des navettes (sur inscription) sont pr\u00e9vues entre Modane et le Centre Paul-Langevin\u00a0:<br \/>&#8211; le mardi 15 octobre vers 19 h (aucune navette en journ\u00e9e, horaires \u00e0 confirmer en fonction des arriv\u00e9es des trains) ;<br \/>&#8211; le vendredi 18 octobre \u00e0 12 h 45.<\/p>\n<p><strong><span style=\"color: #ff6600;\">En avion<br \/><\/span><\/strong>Aussois est \u00e0 moins de 2 heures de route des a\u00e9roports de Lyon St Exup\u00e9ry, Gen\u00e8ve, Chamb\u00e9ry, Annecy, Grenoble ou Turin.<\/p>\n<p style=\"text-align: center;\"><span style=\"color: #ff6600;\"><strong><a style=\"color: #ff6600;\" href=\"https:\/\/goo.gl\/maps\/3W5Pw3UobunnEPku8\" target=\"_blank\" rel=\"noopener\">Plan Google Map ici<\/a><\/strong><\/span><\/p>\n\n\n<figure class=\"wp-block-image size-full\"><img loading=\"lazy\" decoding=\"async\" width=\"560\" height=\"316\" src=\"http:\/\/www.affccs.org\/aussois2024\/wp-content\/uploads\/2024\/02\/Aussois_2024-orange-copie.jpg\" alt=\"\" class=\"wp-image-711\" srcset=\"https:\/\/www.affccs.org\/aussois2024\/wp-content\/uploads\/2024\/02\/Aussois_2024-orange-copie.jpg 560w, https:\/\/www.affccs.org\/aussois2024\/wp-content\/uploads\/2024\/02\/Aussois_2024-orange-copie-300x169.jpg 300w\" sizes=\"auto, (max-width: 560px) 100vw, 560px\" \/><\/figure>\n\n\n\n<p><\/p>\n","protected":false},"excerpt":{"rendered":"<p>Le village d\u2019Aussois est facilement accessible, quel que soit votre moyen de transport. Une navette \u00e9tait initialement pr\u00e9vue entre Modane et le centre CAES d&rsquo;Aussois, mais la ligne de train jusqu&rsquo;\u00e0 Modane ne devrait pas encore \u00eatre r\u00e9tablie en octobre, &hellip; <a href=\"https:\/\/www.affccs.org\/aussois2024\/index.php\/venue\/\">Continuer la lecture <span class=\"meta-nav\">&rarr;<\/span><\/a><\/p>\n","protected":false},"author":1,"featured_media":0,"parent":0,"menu_order":0,"comment_status":"closed","ping_status":"closed","template":"","meta":{"footnotes":""},"class_list":["post-60","page","type-page","status-publish","hentry"],"_links":{"self":[{"href":"https:\/\/www.affccs.org\/aussois2024\/index.php\/wp-json\/wp\/v2\/pages\/60","targetHints":{"allow":["GET"]}}],"collection":[{"href":"https:\/\/www.affccs.org\/aussois2024\/index.php\/wp-json\/wp\/v2\/pages"}],"about":[{"href":"https:\/\/www.affccs.org\/aussois2024\/index.php\/wp-json\/wp\/v2\/types\/page"}],"author":[{"embeddable":true,"href":"https:\/\/www.affccs.org\/aussois2024\/index.php\/wp-json\/wp\/v2\/users\/1"}],"replies":[{"embeddable":true,"href":"https:\/\/www.affccs.org\/aussois2024\/index.php\/wp-json\/wp\/v2\/comments?post=60"}],"version-history":[{"count":27,"href":"https:\/\/www.affccs.org\/aussois2024\/index.php\/wp-json\/wp\/v2\/pages\/60\/revisions"}],"predecessor-version":[{"id":768,"href":"https:\/\/www.affccs.org\/aussois2024\/index.php\/wp-json\/wp\/v2\/pages\/60\/revisions\/768"}],"wp:attachment":[{"href":"https:\/\/www.affccs.org\/aussois2024\/index.php\/wp-json\/wp\/v2\/media?parent=60"}],"curies":[{"name":"wp","href":"https:\/\/api.w.org\/{rel}","templated":true}]}}

Accès

<p>Le village d’Aussois est facilement accessible, quel que soit votre moyen de transport.</p>
<p>Une navette était initialement prévue entre Modane et le centre CAES d&rsquo;Aussois, mais la ligne de train jusqu&rsquo;à Modane ne devrait pas encore être rétablie en octobre, c&rsquo;est pourquoi <strong>une navette vous sera programmée le mardi 15 octobre 2021 vers 19 h, entre la gare de Saint-Jean-de-Maurienne et Aussois (horaires à confirmer).</strong></p>
<p><strong><span style="color: #3366ff;"><span style="color: #ff6600;">En voiture</span><br /></span></strong>Sur l’autoroute alpine A43, prendre la sortie n° 30 en direction de « Modane &#8211; Haute Maurienne-Vanoise », puis prendre la D1006 (RN6) jusqu’à Modane. Continuer sur la D215, Aussois se situe à 7 km.<br />À l’entrée du village, à la pancarte « Aussois », continuer tout droit jusqu’au carrefour. Passer devant le bureau de tabac sur votre droite et 50 mètres après tourner à gauche et monter jusqu’au « Parking Clients » (et non pas le parking « Personnel »).</p>
<p><strong><span style="color: #ff6600;">En train<br /></span></strong>La gare de Modane se trouve à 8 km du Centre Paul-Langevin.<br />Des navettes (sur inscription) sont prévues entre Modane et le Centre Paul-Langevin :<br />&#8211; le mardi 15 octobre vers 19 h (aucune navette en journée, horaires à confirmer en fonction des arrivées des trains) ;<br />&#8211; le vendredi 18 octobre à 12 h 45.</p>
<p><strong><span style="color: #ff6600;">En avion<br /></span></strong>Aussois est à moins de 2 heures de route des aéroports de Lyon St Exupéry, Genève, Chambéry, Annecy, Grenoble ou Turin.</p>
<p style="text-align: center;"><span style="color: #ff6600;"><strong><a style="color: #ff6600;" href="https://goo.gl/maps/3W5Pw3UobunnEPku8" target="_blank" rel="noopener">Plan Google Map ici</a></strong></span></p>


<figure class="wp-block-image size-full"><img loading="lazy" decoding="async" width="560" height="316" src="http://www.affccs.org/aussois2024/wp-content/uploads/2024/02/Aussois_2024-orange-copie.jpg" alt="" class="wp-image-711" srcset="https://www.affccs.org/aussois2024/wp-content/uploads/2024/02/Aussois_2024-orange-copie.jpg 560w, https://www.affccs.org/aussois2024/wp-content/uploads/2024/02/Aussois_2024-orange-copie-300x169.jpg 300w" sizes="auto, (max-width: 560px) 100vw, 560px" /></figure>



<p></p>

<p>Le village d’Aussois est facilement accessible, quel que soit votre moyen de transport. Une navette était initialement prévue entre Modane et le centre CAES d&rsquo;Aussois, mais la ligne de train jusqu&rsquo;à Modane ne devrait pas encore être rétablie en octobre, &hellip; <a href="https://www.affccs.org/aussois2024/index.php/venue/">Continuer la lecture <span class="meta-nav">&rarr;</span></a></p>
