{"id":32,"date":"2018-01-17T21:45:38","date_gmt":"2018-01-17T21:45:38","guid":{"rendered":"http:\/\/www.affccs.org\/aussois2024\/?page_id=32"},"modified":"2024-08-30T11:48:16","modified_gmt":"2024-08-30T11:48:16","slug":"sit-18","status":"publish","type":"page","link":"https:\/\/www.affccs.org\/aussois2024\/","title":{"rendered":"Bienvenue&#8230;"},"content":{"rendered":"<p style=\"text-align: center;\"><strong><span style=\"color: #ff6600;\">Les 14<sup>es<\/sup> Journ\u00e9es d&rsquo;Aussois<br \/>auront lieu<\/span><span style=\"color: #ff6600;\"> du 15 au 18 octobre 2024\u00a0<\/span><span style=\"color: #ff6600;\"><br \/>au Centre CNRS Paul-Langevin, en Savoie.<\/span><\/strong><\/p>\n<p>Organis\u00e9es par la Commission de Cryog\u00e9nie et de Supraconductivit\u00e9 de l\u2019Association Fran\u00e7aise du Froid (AFF-CCS), ces journ\u00e9es visent \u00e0 favoriser les relations et les \u00e9changes d\u2019informations entre les laboratoires et les milieux industriels fran\u00e7ais.<\/p>\n<p style=\"font-weight: 400;\">Elles donnent l\u2019occasion aux chercheurs et ing\u00e9nieurs de faire le point sur l\u2019\u00e9tat de l\u2019art ainsi que de discuter du d\u00e9veloppement des recherches et projets dans les domaines de la cryog\u00e9nie et de la supraconductivit\u00e9, enjeux pour la technologie et l\u2019industrie fran\u00e7aises. Cette structuration du paysage fran\u00e7ais a permis de soumettre plus facilement et avec succ\u00e8s le Programme et Equipement Prioritaire de Recherche (PEPR) exploratoire \u00ab\u00a0SupraFusion\u00a0\u00bb. Celui-ci consolidera et renforcera le leadership fran\u00e7ais dans le domaine de la supraconductivit\u00e9 \u00e0 haute temp\u00e9rature critique pour les futurs enjeux \u00e9nerg\u00e9tiques et soci\u00e9taux, notamment la fusion. \u00ab\u00a0SupraFusion\u00a0\u00bb sera pr\u00e9sent\u00e9 en ouverture de ces journ\u00e9es.<\/p>\n<p style=\"font-weight: 400;\">Ces journ\u00e9es regroupent des sessions orales de synth\u00e8se, illustr\u00e9es de pr\u00e9sentations invit\u00e9es d\u2019industriels ou d\u2019acad\u00e9miques, de spots d\u2019informations sur des sujets d\u2019actualit\u00e9 et des sessions de posters. Du mat\u00e9riel industriel sera pr\u00e9sent\u00e9.<\/p>\n<p style=\"font-weight: 400;\">Ces journ\u00e9es se d\u00e9rouleront dans le centre convivial Paul Langevin d\u2019Aussois o\u00f9 vous pourrez s\u00e9journer du mardi 15 octobre (diner) au vendredi 18 octobre (d\u00e9jeuner). Les conf\u00e9rences commenceront le mercredi 16 octobre matin pour se terminer en fin de matin\u00e9e le vendredi 18 octobre. Des navettes seront organis\u00e9es entre la gare SNCF de Saint-Jean-de-Maurienne et le centre.<\/p>\n<p style=\"font-weight: 400;\">Les th\u00e8mes abord\u00e9s concernent\u00a0:<\/p>\n<ul>\n<li>la fusion (ITER, JT-60SA\u2026),<\/li>\n<li>les acc\u00e9l\u00e9rateurs (HL-LHC, ESS, MYRRHA\u2026),<\/li>\n<li>les missions cryog\u00e9niques spatiales (Athena, liteBIRD\u2026),<\/li>\n<li>un bilan sur Ariane 6,<\/li>\n<li>la supraconductivit\u00e9 appliqu\u00e9e, des mat\u00e9riaux (rubans REBCO) aux applications (projets SuperRail, Scarlet et ASCEND, aimants hybride et \u00e0 haute temp\u00e9rature critique\u2026),<\/li>\n<li>hydrog\u00e8ne liquide pour la mobilit\u00e9,<\/li>\n<li>la cryog\u00e9nie (boucles fluides, Qucube Cryog\u00e9nique, turbo Brayton\u2026).<\/li>\n<\/ul>\n<p style=\"font-weight: 400;\">Mathieu Lefebvre nous racontera une success story grenobloise : WAGA Energy.<\/p>\n<p>Les pr\u00e9sentations sont uniquement des pr\u00e9sentations invit\u00e9es, mais nous vous incitons \u00e0 soumettre un poster (format poster A0 environ 85 cm de large par 120 cm de hauteur). <br \/>De larges plages horaires sont d\u00e9di\u00e9es aux \u00e9changes autour des posters \u00e0 c\u00f4t\u00e9 de l\u2019exposition de mat\u00e9riels scientifiques. <br \/>Merci de nous envoyer le titre et un court r\u00e9sum\u00e9 (200 \u00e0 400 mots) de votre poster \u00a0en remplissant avant le 5 septembre <a href=\"https:\/\/survey.neel.cnrs.fr\/index.php?r=survey\/index&amp;sid=248314&amp;lang=fr\" target=\"_blank\" rel=\"noopener\">le formulaire en ligne disponible ici<\/a>.\u00a0<\/p>\n<p><b>Nous vous invitons aussi \u00e0 pr\u00e9senter votre mat\u00e9riel scientifique,<\/b> en contactant S\u00e9bastien Triqueneaux \u00e0 cette adresse : <a href=\"mailto:sebastien.triqueneaux@neel.cnrs.fr\">sebastien.triqueneaux@neel.cnrs.fr<\/a><\/p>\n<p>Les exposants doivent avoir une activite\u0301 industrielle en France. Les participants et les orateurs doivent :<br \/>&#8211; soit faire partie d\u2019une socie\u0301te\u0301 franc\u0327aise,<br \/>&#8211; soit avoir une activite\u0301 industrielle en France,<br \/>&#8211; soit faire partie d\u2019un laboratoire ou d\u2019un institut de recherche franc\u0327ais. Le CERN et ITER sont admis dans cette cate\u0301gorie.<\/p>\n<p><a href=\"http:\/\/www.affccs.org\">\u00a0<\/a><\/p>\n<p><em>Pascal Tixador, Grenoble-INP, Secr\u00e9taire de l&rsquo;AFF-CCS.<\/em><\/p>\n\n\n<figure class=\"wp-block-image size-full\"><img loading=\"lazy\" decoding=\"async\" width=\"560\" height=\"316\" src=\"http:\/\/www.affccs.org\/aussois2024\/wp-content\/uploads\/2024\/02\/Aussois_2024-orange-copie.jpg\" alt=\"\" class=\"wp-image-711\" srcset=\"https:\/\/www.affccs.org\/aussois2024\/wp-content\/uploads\/2024\/02\/Aussois_2024-orange-copie.jpg 560w, https:\/\/www.affccs.org\/aussois2024\/wp-content\/uploads\/2024\/02\/Aussois_2024-orange-copie-300x169.jpg 300w\" sizes=\"auto, (max-width: 560px) 100vw, 560px\" \/><\/figure>\n","protected":false},"excerpt":{"rendered":"<p>Les 14es Journ\u00e9es d&rsquo;Aussoisauront lieu du 15 au 18 octobre 2024\u00a0au Centre CNRS Paul-Langevin, en Savoie. Organis\u00e9es par la Commission de Cryog\u00e9nie et de Supraconductivit\u00e9 de l\u2019Association Fran\u00e7aise du Froid (AFF-CCS), ces journ\u00e9es visent \u00e0 favoriser les relations et les &hellip; <a href=\"https:\/\/www.affccs.org\/aussois2024\/\">Continuer la lecture <span class=\"meta-nav\">&rarr;<\/span><\/a><\/p>\n","protected":false},"author":1,"featured_media":0,"parent":0,"menu_order":0,"comment_status":"closed","ping_status":"closed","template":"","meta":{"footnotes":""},"class_list":["post-32","page","type-page","status-publish","hentry"],"_links":{"self":[{"href":"https:\/\/www.affccs.org\/aussois2024\/index.php\/wp-json\/wp\/v2\/pages\/32","targetHints":{"allow":["GET"]}}],"collection":[{"href":"https:\/\/www.affccs.org\/aussois2024\/index.php\/wp-json\/wp\/v2\/pages"}],"about":[{"href":"https:\/\/www.affccs.org\/aussois2024\/index.php\/wp-json\/wp\/v2\/types\/page"}],"author":[{"embeddable":true,"href":"https:\/\/www.affccs.org\/aussois2024\/index.php\/wp-json\/wp\/v2\/users\/1"}],"replies":[{"embeddable":true,"href":"https:\/\/www.affccs.org\/aussois2024\/index.php\/wp-json\/wp\/v2\/comments?post=32"}],"version-history":[{"count":80,"href":"https:\/\/www.affccs.org\/aussois2024\/index.php\/wp-json\/wp\/v2\/pages\/32\/revisions"}],"predecessor-version":[{"id":778,"href":"https:\/\/www.affccs.org\/aussois2024\/index.php\/wp-json\/wp\/v2\/pages\/32\/revisions\/778"}],"wp:attachment":[{"href":"https:\/\/www.affccs.org\/aussois2024\/index.php\/wp-json\/wp\/v2\/media?parent=32"}],"curies":[{"name":"wp","href":"https:\/\/api.w.org\/{rel}","templated":true}]}}

<p style="text-align: center;"><strong><span style="color: #ff6600;">Les 14<sup>es</sup> Journées d&rsquo;Aussois<br />auront lieu</span><span style="color: #ff6600;"> du 15 au 18 octobre 2024 </span><span style="color: #ff6600;"><br />au Centre CNRS Paul-Langevin, en Savoie.</span></strong></p>
<p>Organisées par la Commission de Cryogénie et de Supraconductivité de l’Association Française du Froid (AFF-CCS), ces journées visent à favoriser les relations et les échanges d’informations entre les laboratoires et les milieux industriels français.</p>
<p style="font-weight: 400;">Elles donnent l’occasion aux chercheurs et ingénieurs de faire le point sur l’état de l’art ainsi que de discuter du développement des recherches et projets dans les domaines de la cryogénie et de la supraconductivité, enjeux pour la technologie et l’industrie françaises. Cette structuration du paysage français a permis de soumettre plus facilement et avec succès le Programme et Equipement Prioritaire de Recherche (PEPR) exploratoire « SupraFusion ». Celui-ci consolidera et renforcera le leadership français dans le domaine de la supraconductivité à haute température critique pour les futurs enjeux énergétiques et sociétaux, notamment la fusion. « SupraFusion » sera présenté en ouverture de ces journées.</p>
<p style="font-weight: 400;">Ces journées regroupent des sessions orales de synthèse, illustrées de présentations invitées d’industriels ou d’académiques, de spots d’informations sur des sujets d’actualité et des sessions de posters. Du matériel industriel sera présenté.</p>
<p style="font-weight: 400;">Ces journées se dérouleront dans le centre convivial Paul Langevin d’Aussois où vous pourrez séjourner du mardi 15 octobre (diner) au vendredi 18 octobre (déjeuner). Les conférences commenceront le mercredi 16 octobre matin pour se terminer en fin de matinée le vendredi 18 octobre. Des navettes seront organisées entre la gare SNCF de Saint-Jean-de-Maurienne et le centre.</p>
<p style="font-weight: 400;">Les thèmes abordés concernent :</p>
<ul>
<li>la fusion (ITER, JT-60SA…),</li>
<li>les accélérateurs (HL-LHC, ESS, MYRRHA…),</li>
<li>les missions cryogéniques spatiales (Athena, liteBIRD…),</li>
<li>un bilan sur Ariane 6,</li>
<li>la supraconductivité appliquée, des matériaux (rubans REBCO) aux applications (projets SuperRail, Scarlet et ASCEND, aimants hybride et à haute température critique…),</li>
<li>hydrogène liquide pour la mobilité,</li>
<li>la cryogénie (boucles fluides, Qucube Cryogénique, turbo Brayton…).</li>
</ul>
<p style="font-weight: 400;">Mathieu Lefebvre nous racontera une success story grenobloise : WAGA Energy.</p>
<p>Les présentations sont uniquement des présentations invitées, mais nous vous incitons à soumettre un poster (format poster A0 environ 85 cm de large par 120 cm de hauteur). <br />De larges plages horaires sont dédiées aux échanges autour des posters à côté de l’exposition de matériels scientifiques. <br />Merci de nous envoyer le titre et un court résumé (200 à 400 mots) de votre poster  en remplissant avant le 5 septembre <a href="https://survey.neel.cnrs.fr/index.php?r=survey/index&amp;sid=248314&amp;lang=fr" target="_blank" rel="noopener">le formulaire en ligne disponible ici</a>. </p>
<p><b>Nous vous invitons aussi à présenter votre matériel scientifique,</b> en contactant Sébastien Triqueneaux à cette adresse : <a href="mailto:sebastien.triqueneaux@neel.cnrs.fr">sebastien.triqueneaux@neel.cnrs.fr</a></p>
<p>Les exposants doivent avoir une activité industrielle en France. Les participants et les orateurs doivent :<br />&#8211; soit faire partie d’une société française,<br />&#8211; soit avoir une activité industrielle en France,<br />&#8211; soit faire partie d’un laboratoire ou d’un institut de recherche français. Le CERN et ITER sont admis dans cette catégorie.</p>
<p><a href="http://www.affccs.org"> </a></p>
<p><em>Pascal Tixador, Grenoble-INP, Secrétaire de l&rsquo;AFF-CCS.</em></p>


<figure class="wp-block-image size-full"><img loading="lazy" decoding="async" width="560" height="316" src="http://www.affccs.org/aussois2024/wp-content/uploads/2024/02/Aussois_2024-orange-copie.jpg" alt="" class="wp-image-711" srcset="https://www.affccs.org/aussois2024/wp-content/uploads/2024/02/Aussois_2024-orange-copie.jpg 560w, https://www.affccs.org/aussois2024/wp-content/uploads/2024/02/Aussois_2024-orange-copie-300x169.jpg 300w" sizes="auto, (max-width: 560px) 100vw, 560px" /></figure>

<p>Les 14es Journées d&rsquo;Aussoisauront lieu du 15 au 18 octobre 2024 au Centre CNRS Paul-Langevin, en Savoie. Organisées par la Commission de Cryogénie et de Supraconductivité de l’Association Française du Froid (AFF-CCS), ces journées visent à favoriser les relations et les &hellip; <a href="https://www.affccs.org/aussois2024/">Continuer la lecture <span class="meta-nav">&rarr;</span></a></p>
